et i be (16/(-5))/(1/5). Let g = p - i. What is the units digit of g?
6
Let r(h) = h**3 + h. Let s(o) = o**2 - 4*o + 4. Let w be s(3). Let j be r(w). Suppose -5 = j*p + 3*m, -35 = -4*p - 0*p + 3*m. What is the units digit of p?
5
Let s(b) = b**3 + 12*b**2 + 11*b + 7. What is the tens digit of s(-10)?
9
Suppose -2*y - 3*y + 183 = 3*j, 0 = -2*y - j + 73. What is the tens digit of y?
3
Let q be (-7 - -1)/(-2 + 0). Suppose a - 4 = -v, -q*v = v + 2*a - 20. What is the units digit of v?
6
Suppose -6*k + 283 = -11. What is the units digit of k?
9
Let i(f) be the third derivative of f**6/120 - f**5/15 + f**4/8 + 4*f**3/3 + f**2. What is the units digit of i(4)?
0
Let m(r) = 4*r + 21. What is the tens digit of m(11)?
6
Suppose 2*f - 6 = 2*w, 3*w - 6 - 17 = -f. Let z be (-2)/6*(-20 + f). Suppose -z*k + 64 = 4*o, 28 + 48 = 3*k - 4*o. What is the units digit of k?
0
Suppose -60 = 4*t + 2*g, 45 = -3*t - g + 6*g. Let a = 37 + t. What is the units digit of a?
2
Suppose h + m - 7 = 0, 5*m - 3 = -4*h + 24. Suppose -2*d - 2*k - 22 = h, 0 = 4*d + k + 51. What is the units digit of 1/(1 + 9/d)?
4
Let s(a) = 6*a**2 - 4*a + 3. What is the tens digit of s(2)?
1
Suppose 2*a = -k + 12, 0*k = k + 5*a - 9. What is the tens digit of k?
1
Let w(k) = k - 1. Let u(v) = 2*v + 2. Let p(x) = 2*u(x) - 2*w(x). What is the tens digit of p(10)?
2
Suppose 2 - 12 = 4*n - 5*h, -6 = 4*n - 3*h. Suppose 3*r + n*r = 123. What is the tens digit of r?
4
Let r be (11 - -2)*(-2)/2. Let m = r + 23. Suppose -h + m = -3*h, 2*u - 4*h - 22 = 0. What is the units digit of u?
1
Suppose -j = 4*j - 5. Suppose g + 1 + j = 0. What is the units digit of 7 + -1 - (-4)/g?
4
Suppose 5*u + 278 = 7*u. What is the hundreds digit of u?
1
Suppose 7*k - 35 = 2*k. What is the tens digit of (2*-1)/(-1)*k?
1
Let f = 98 + -30. Let n = f + -36. What is the tens digit of n?
3
What is the tens digit of 10/(-10)*-21*1?
2
Let k be 4/(-14) + (-5)/7. Let q(w) = 6*w**3 + w**2. Let r be q(1). Let h = r + k. What is the units digit of h?
6
Let t = -14 + 20. Let u = 6 - t. Let v(m) = -m**3 - m**2 + m + 9. What is the units digit of v(u)?
9
Suppose -4*h + 25 = l, 52 = 4*l + 5*h - h. What is the units digit of l?
9
Let m = 100 + 40. What is the tens digit of m/21*(-3)/(-2)?
1
Let m(z) = -3*z - 10. Let w = 17 - 29. What is the tens digit of m(w)?
2
Let h(v) = -16*v**3 - v**2 - 2*v - 1. Let n(p) = -p**3 - 2*p**2 - 1. Let b be n(-2). What is the units digit of h(b)?
6
Let m(g) be the first derivative of -g**3/3 + 9*g**2/2 - 5*g + 3. Suppose o = -5*y + 37, 2*y - 2*o - 9 = 1. What is the units digit of m(y)?
9
Let r(l) = -l**2 + 7*l + 296. What is the units digit of r(0)?
6
Let f(h) = 10*h - 1. Let c(p) = 41*p - 3. Let r(x) = -2*c(x) + 9*f(x). What is the tens digit of r(3)?
2
Suppose 3*o + 6*m = 2*m - 10, -2*o - 4*m - 12 = 0. Let r(d) = 0*d**o + 0*d + 1 + 4 + d**2 + 6*d. What is the units digit of r(-6)?
5
Let g = 31 - 9. Suppose -4*b + 2*l = -6*b + 26, -4*b + 2*l = -g. What is the units digit of (b/10)/(1/20)?
6
What is the units digit of 2*(324/8 - (0 + 0))?
1
Let i = -19 - 20. What is the tens digit of (i/(-6))/((-2)/(-4))?
1
Suppose t = -4*t + 195. What is the units digit of t?
9
Suppose -5*x - 95 = -4*n - 572, -x + 3*n = -91. Suppose 0 = -3*r - 19 + x. Let i = r + -12. What is the units digit of i?
4
Let a(f) be the first derivative of f**2/2 + f + 1. Let w = 1 - -3. What is the units digit of a(w)?
5
Let z(i) = -12*i + 22. What is the units digit of z(-5)?
2
Let o(s) = 7*s**2 + s. Let i be o(-2). Suppose g = 1 + i. What is the tens digit of g?
2
Let x = 18 - 59. Let u = 59 + x. What is the tens digit of u?
1
Let j(h) be the third derivative of 0*h + 2*h**2 - h**3 - 3/8*h**4 - 1/60*h**5 + 0. What is the units digit of j(-8)?
2
Suppose 4*p = k - 52, -k - 4*p = -9*p - 56. What is the tens digit of k?
3
Let k = -3 + 6. Suppose -6 = 2*j, -4*d - k*j - j = -4. What is the units digit of d?
4
Let z = 84 - 83. What is the units digit of z?
1
Let l be (-15)/(-6) + (-2)/4. Let h(p) = -p**2 + 8*p - 6. Let j be h(6). What is the units digit of (21/j)/(l/4)?
7
Let b(q) = -q**3 + 4*q**2 - 5*q + 2. Suppose -5*a + 9 = -2*i, -8 = -5*a - 4*i + 19. Let s be b(a). Let g = s + 6. What is the units digit of g?
2
Let h(p) = -8*p + 2. What is the units digit of h(-6)?
0
Let n(y) = -y**2 - 6*y - 1. Let m(t) = -t**2 - 5*t - 2. Let r(w) = -3*m(w) + 2*n(w). Let i be r(-3). What is the units digit of 27/5 + i/(-10)?
5
Let t(s) = s**2 - s. Let a be t(8). Suppose -a = -2*b - 2*b. What is the tens digit of b?
1
Let k be 2*((-6)/(-4) - 2). What is the units digit of (-52)/(-16) + k/4?
3
Suppose 2*p - 3*p = 4*i - 172, -3*p + 2*i + 474 = 0. Suppose 430 = 6*u + p. What is the tens digit of u?
4
Let n(i) = i**2 - 10*i - 2. Let o be n(8). Let t = -13 - o. What is the units digit of t?
5
Let o(g) = -7*g**2 - g + 3. Let b be o(-3). Let z = -40 - b. What is the units digit of z?
7
Suppose 27*z - 25*z = 100. What is the units digit of z?
0
Let x be (-22)/10 + (-1)/(-5). Let j be (-1 - x)/((-4)/68). Let o = 30 + j. What is the tens digit of o?
1
Suppose 3*t = 5*t. Suppose -4*x + 5*x - 40 = t. What is the tens digit of x?
4
Let x be 36/(-30)*(-5)/(-1). Let q(o) = o**3 + 8*o**2 + 10*o + 6. Let u be q(x). Let f = u - 12. What is the units digit of f?
6
Let q(r) be the first derivative of -r**4/4 + 4*r**3 - r**2/2 + 13*r - 2. Let y be q(12). What is the units digit of (-3 - -5)/(y + 1)?
1
Let w be (-14)/4 - (-3)/(-2). Let j = w + 7. What is the units digit of j?
2
Let v = -35 - -20. Let j = v + 31. What is the tens digit of j?
1
Suppose 0 = 3*r + 33 - 108. What is the units digit of r?
5
Suppose 3*z = 7*z + 4. Let h = z + 18. What is the units digit of h?
7
Let l(o) = -2*o - 6. Suppose 0*k = 5*k + 45. What is the tens digit of l(k)?
1
Let v = -12 - -24. Let u = v - 8. What is the units digit of u?
4
Let r(f) = -f - 2. Let a be -4*((-3)/2)/(-1). Let z = a - -2. What is the units digit of r(z)?
2
Let y(b) be the third derivative of -b**4/24 + 5*b**3/3 + 2*b**2. Let z be y(8). Let a = 0 + z. What is the units digit of a?
2
Let g = -19 + 11. What is the units digit of (-8 - 1)/(12/g)?
6
Suppose -55 = -2*n + n - 2*s, 0 = -5*s - 5. What is the units digit of n?
7
Suppose 9*f - 185 - 292 = 0. What is the units digit of f?
3
Let p(b) = b**3 - 7*b**2 + 6*b + 4. Let c be p(6). Suppose 0 = -h - 2*g + 1, -c*g - 43 = -0*h - 3*h. What is the units digit of h?
9
Let t = -11 + 22. What is the units digit of t?
1
Let g = 502 + -306. What is the units digit of g?
6
Suppose -2*u = -u + 20. What is the units digit of (-1 - -13)/((-15)/u)?
6
Let c(r) = -4*r - 1. What is the units digit of c(-5)?
9
What is the tens digit of (-4 + 2)/(-2) - -96?
9
Suppose y = m + 14, 3*y - 24 = 2*y + 3*m. What is the units digit of y?
9
Suppose 2*w - 28 = 2*j, -7 = -4*j + 5*w - 68. What is the tens digit of ((-15)/2)/(j/12)?
1
Suppose 2*f = -2*f + 172. Suppose -4*x - 10 = w - f, -15 = -3*x. What is the units digit of w?
3
What is the tens digit of (-48)/(-10)*(-120)/(-16)?
3
Let f(u) = 31*u**3 - 2*u + 1. What is the units digit of f(1)?
0
Suppose 0 = -78*y + 72*y + 1392. What is the tens digit of y?
3
Let z = 105 - 22. Suppose 0*d = -3*a - d + z, 4*d - 13 = -a. Let f = a + -17. What is the tens digit of f?
1
Let i(g) = g**2 - 9*g - 37. What is the tens digit of i(16)?
7
Let y(d) be the third derivative of -d**5/60 - d**4/4 + d**3/2 + d**2. Let b be y(-6). Suppose b*f + 2*f - 35 = 0. What is the units digit of f?
7
Let h(v) = 5*v - 1. Let u be h(-2). What is the units digit of u/4*(-7 - -3)?
1
Let o(n) = -2*n + 11. What is the units digit of o(5)?
1
Let b(y) = 2 - 2*y - 3 + 0. What is the tens digit of b(-9)?
1
Let j = 18 + -14. Suppose -d - 128 = -5*h, -40 + 146 = j*h + d. What is the units digit of h?
6
Let i be 4/((-8)/(-2))*13. Suppose 3*u + i = 4*p, -u + 5 + 0 = p. What is the units digit of p?
4
Let p(b) = -b**3 - 7*b**2 + 6*b - 8. Let j be (-6)/5*(-80)/(-12). What is the units digit of p(j)?
8
Let t(b) = -2*b - 6. Let d be t(-4). Suppose h = -4*f + 3*h - 6, 0 = 2*f - 5*h + 7. Let w = d + f. What is the units digit of w?
1
Let b(p) = -2*p**3 - 2*p**2 + 3*p + 3. Let s be b(-2). Suppose -5*t = 5*l + 50, 7*l - 3*l = -s*t - 44. Let k = l - -8. What is the units digit of k?
2
Suppose 0 = 4*z - 3*w + 3 + 8, -